nd derivative of -5*y**3/6 - 2*y**2 + 15*y - 19. Calculate w(-10).
46
Let b(l) = -l**2 - 7*l. Let f be 24/120 + (-109)/(-5). Suppose -38 = 5*v - i + 5*i, 5*i = -2*v - f. Determine b(v).
6
Let f(x) = -2*x**2 - 4*x + 6. Suppose -3*v + 34 = 4*s - 5*v, 3*v + 30 = 3*s. Let c(w) = 5*w**2 + 8*w - 13. Let z(o) = s*f(o) + 3*c(o). Determine z(4).
3
Let x(j) = 2*j + 20. Let g(a) = 2*a + 21. Let o(h) = -5*g(h) + 4*x(h). What is o(-15)?
5
Let x(r) be the first derivative of r**2/2 + 27*r + 313. Calculate x(-6).
21
Let h(l) = -l**3 - 6*l**2 - 2*l - 5. Suppose -n + 9*n = 0. Suppose -10 = -5*s, 2*s + n*s = -5*f - 26. What is h(f)?
7
Let s(f) be the second derivative of f**4/12 + 4*f**3/3 - 3*f**2/2 - 188*f. Determine s(-9).
6
Suppose 2*f + f + 6 = 3*i, 4*i - 11 = f. Let m = i - 10. Let d(h) = 7*h + 29. Let o(k) = -3*k - 14. Let w(r) = -2*d(r) - 5*o(r). Determine w(m).
5
Let l = 37 + -33. Suppose -2 = l*z - 5*x + 2, -5*z + 5*x - 5 = 0. Let h(c) be the second derivative of -c**5/10 - c**2/2 - c. Calculate h(z).
1
Let n(s) = -7*s + 2. Let h(o) = o**3 + 7*o**2 - 10*o - 11. Let j be h(-8). Suppose -3*v - j = -8*v. Let r be n(v). Let c(g) = g**2 + 7*g + 7. Give c(r).
-3
Let h(u) = 0*u**2 + 5 - 6*u + u**2 + 12*u. Give h(-4).
-3
Let j(y) be the second derivative of y**6/120 + y**5/10 - 7*y**4/24 - y**3/2 - 7*y**2/2 - 4*y. Let a(f) be the first derivative of j(f). Give a(-7).
-3
Let b(r) = -r**2 + 4*r + 8. Suppose -2*n + 5*t + 16 = 0, -11 - 5 = -4*n + 2*t. Suppose 4*m = -5*u + 9, m = 4*m - n*u - 27. Give b(m).
-4
Let f(y) = 4*y + 2. Let n be f(1). Suppose -2*b - 16 = n*b. Let o(w) = w**2 + 3*w + 2. Determine o(b).
0
Let b(k) = -1. Suppose 3*j + 2 = -1. Let c(z) = -z + 9. Let t(x) = j*c(x) - 3*b(x). Give t(6).
0
Let z(k) = -k**2 + 7*k - 6. Suppose -12 - 18 = -6*p. Let q be z(p). Let y(b) = -b**2 + 4*b - 2. Calculate y(q).
-2
Suppose 0 = 2*y - 4*n + 16, -3*y + 2*n - 9 = -n. Let v be y*4*5/10. Let u(z) = -2*z**2 + 7*z - 5. Calculate u(v).
-9
Let i(c) = -15*c**3 + c + 2. Suppose -4*f = 2*w + 6, 3*f + 1 = -5*w + 7*f. Give i(w).
16
Let f(r) = r + 3. Let p(b) = 2*b + 6. Let y(i) = -5*f(i) + 3*p(i). Let t(l) = l + 4. Let z(q) = 5*t(q) - 4*y(q). What is z(0)?
8
Let y(b) = -b**3 - 4*b**2 - 3*b - 7. Let w be (-18)/4 + (-85)/(-170). Calculate y(w).
5
Let o(s) = 2*s - 3. Let i(q) = -13*q + 11. Let m(x) = i(x) + 6*o(x). What is m(-2)?
-5
Let u = 21 + -18. Let g(x) = 4 + u + x**2 - 6*x + 0*x - 10. What is g(4)?
-11
Let l(k) = k**2 - 6*k + 9. Let p be (5 - 2 - -3)*(-45)/(-54). Give l(p).
4
Let r(x) be the third derivative of -x**5/60 + x**4/24 - 2*x**3/3 - x**2. Let w = -524 - -529. Determine r(w).
-24
Let w(c) be the third derivative of -c**6/40 + c**5/20 - c**4/24 - c**3/3 + c**2 + 27*c. Suppose v = -2 + 4. What is w(v)?
-16
Suppose 45*r - 94 = 92*r. Let c(o) = -19*o - 1. Calculate c(r).
37
Let h(u) be the third derivative of u**6/120 + 3*u**5/20 - u**4/3 - 2*u**3 - 83*u**2 + 1. Give h(-10).
-32
Let g(i) = -i + 5 - 1 - 1 + 3. Give g(12).
-6
Let n(r) be the second derivative of r**4/12 - 5*r**3/6 - 3*r**2/2 - 16*r - 10. Give n(4).
-7
Let r(v) = -2*v**3 - 5*v**2 + 6. Let t be r(-3). Suppose -4*o + t = o. Let b(h) be the first derivative of h**2/2 - 7*h + 2. What is b(o)?
-4
Let h(k) be the first derivative of k**4/6 + 2*k**3/3 + k**2 + 24*k + 30. Let r(z) be the first derivative of h(z). Give r(-3).
8
Let g be (-6)/((-4)/4 - 1). Let q(h) = h**3 - 3*h**2 + h. Let t be q(g). Let j(l) = -l + 7 + t - 5. Determine j(4).
1
Let g(o) = -o**3 + 6*o**2 + 5. Suppose -51*u - 36 = -57*u. Give g(u).
5
Let y(t) = -t**2 + 18*t + 1. Let k(q) = q - 1. Let a(m) = -5*k(m) + y(m). Determine a(13).
6
Let x(k) = 2*k - 5. Let r be x(5). Suppose -7 = -r*i + 3. Let w = 1 - i. Let o(t) = -7*t**2 + 1. Calculate o(w).
-6
Suppose 0 = m - 9 + 7. Let u(o) = 9*o - 36 + o**3 - 34 + 0*o**3 + 10*o**m + 79. Calculate u(-9).
9
Let u(r) = -3*r - 24. Let i(v) = -v - 3. Let t(z) = 4*i(z) - u(z). Determine t(4).
8
Let k(p) = -7*p**3 + 8*p**2 + p - 2. Let c(w) = -9*w**3 + 9*w**2 + w - 1. Let q(u) = 3*c(u) - 4*k(u). Calculate q(5).
0
Let d(v) = -v**3 - v**2 - v - 3. Suppose -2*o + 0*o = -6. Suppose o*i - 26 = 4*j, 28 = 3*i - 5*j - 3. Suppose -3*z - i*z = 0. Determine d(z).
-3
Let x(q) be the first derivative of -2*q - q**2 + 4/3*q**3 - 1/4*q**4 + 18. Determine x(2).
2
Let f(m) be the second derivative of -m**5/20 - 2*m**4/3 - 3*m**3/2 - 3*m**2/2 + 179*m. Calculate f(-7).
11
Let w(l) = -35*l + 139. Let j be w(4). Let h(d) = 7*d**3 - 2*d - 1. What is h(j)?
-6
Let i(o) = -2*o + 5*o - 3 - 2*o. Let y(r) = -2*r**2 - 28*r + 4. Let u be y(-14). Calculate i(u).
1
Let m(h) be the third derivative of -1/2*h**3 + 0 - 1/8*h**4 - 3*h**2 + 0*h. Determine m(-3).
6
Let z be 1/2 - 2*168/32. Let x(h) = 2*h + 23. Give x(z).
3
Let t(x) = x**2 + 5*x - 7. Suppose -49 = 13*j - 6*j. What is t(j)?
7
Suppose -6*n + 4*h - 214 = -n, -4*n - 172 = -4*h. Let x be 2 - (12/n - (-16)/7). Let j(s) = -s - s - 3 + 3*s. Calculate j(x).
-3
Let t(q) = 2*q + 7. Let x(r) = 2*r**2 - 12*r - 32. Let m be x(8). Determine t(m).
7
Let n(s) be the third derivative of 0*s + 0*s**3 - 12*s**2 + 1/10*s**5 + 0 - 1/24*s**4. What is n(1)?
5
Let k be -3*1/10 - (-4)/5. Let b(w) be the first derivative of 0*w**3 - k*w**2 - 5*w - 1/4*w**4 - 6. Determine b(0).
-5
Suppose 0 = -2*b + 3*r - 2, 5*b + 0*r - 2*r = -16. Let u(z) be the second derivative of -z**5/20 - z**4/3 - 2*z**3/3 - 3*z**2 - 2*z. Determine u(b).
10
Let s = 4 + 7. Let n(m) = m**2 - 13*m + 4. Give n(s).
-18
Let p(a) = -a + 5. Let n(q) = 2. Let r(c) = -5*n(c) + 2*p(c). Give r(-1).
2
Let w(f) = -2*f - 21. Suppose 12*z + 95 = 23. What is w(z)?
-9
Suppose -22 = -3*x + l - 2*l, 0 = -x - 5*l - 16. Let r(s) = s**3 - 8*s**2 - 8*s + 4. Calculate r(x).
13
Let b(t) = -t**2 + 17*t - 8. Let s(l) = l**2 - 15*l + 7. Let y(g) = -4*b(g) - 5*s(g). Let a be (-46)/(-6) - (-10)/(-15). Calculate y(a).
-3
Suppose 0*o = 4*v - 3*o + 1, 0 = -4*v + 2*o + 2. Let t be (1 - v)/((-1)/(-3)). Let u(p) = -5 - 2*p + 0*p + p. Give u(t).
-2
Let h = -1 - -3. Let u(r) = 13*r**h - 7*r**2 - 9*r**2. Determine u(-1).
-3
Let l(m) = m**3 + 2*m**2 + 2*m + 1. Let x be l(-1). Let w = x - -1. Let s(k) = -1285*k + 1289*k - 1 + 0 + 2. What is s(w)?
5
Let o = 1633 - 1633. Let d(l) = -l**3 + l**2 - l - 15. Calculate d(o).
-15
Suppose -40*f = -r - 39*f - 8, -r - 5 = -4*f. Let l(p) = p**3 + 9*p**2 + 2*p + 12. Give l(r).
-6
Let o(r) = r**2 + 2*r + 2. Let d be ((-20)/6)/(14/(-42)). Let p be (4 + 1)*d/(-25). Calculate o(p).
2
Let o be (-4)/((-56)/90) - 6/14. Suppose -a = o + 1. Let n(i) = -i - 6. What is n(a)?
1
Let p(i) be the first derivative of i**2 - 1/4*i**4 + 2/3*i**3 + 0*i - 16. What is p(2)?
4
Suppose -4*b = 2*l - 10, 11*b + 5*l = 10*b - 20. Let g(o) be the second derivative of -5/6*o**3 - 7/2*o**2 + 0 + 1/12*o**4 - o. Give g(b).
-7
Let f = 17 + -10. Let k(j) be the third derivative of -j**5/60 + 7*j**4/24 - 5*j**3/6 - 15*j**2. Give k(f).
-5
Let c(t) = -4. Let f(a) = -a + 6. Let g(x) = -2*c(x) - 3*f(x). Calculate g(11).
23
Suppose 6*x - 4*x = 118. Let z = -29 + x. Suppose z = 2*y + 4*f, -1 - 9 = y - 3*f. Let t(q) = q - 6. Determine t(y).
-1
Let q(p) be the second derivative of p**4/12 + 11*p**3/6 + 6*p**2 - 9*p - 6. Determine q(-10).
2
Let p(l) = -l**3 + 10*l**2 + 10*l + 14. Let s be p(11). Let x(j) be the first derivative of -j**3/3 - j + 16. Determine x(s).
-10
Let o = -57 - -49. Let m(f) be the first derivative of -f**4/4 - 8*f**3/3 - f**2/2 - 6*f + 30. Calculate m(o).
2
Let j(d) = -10*d - 2. Let q be 4/(-16)*6 + (-9)/18. Determine j(q).
18
Let m(g) be the second derivative of g**3/6 - g**2 + g. Let q be 3/(24/80) - 4. Give m(q).
4
Let f(i) = i**3 + 5*i**2 - 6*i + 7. Let m be 4 + 12 + 4 - 2. Suppose 0 = 6*t - 9*t - m. Determine f(t).
7
Let t(y) = 2*y + 19. Let n(s) = -s - 17. Let m(u) = -3*n(u) - 2*t(u). What is m(10)?
3
Let c(y) = y**3 - y**2 - y. Let n be (-12)/24*(1 + -11). Suppose -f + 1 - n = -3*z, 2*z - 2 = f. Let h be z/4*(-1 - -1). Calculate c(h).
0
Let s = 25 - 27. Let j(c) = -c + 1. Let m be j(-8). Let w(u) = -3 - 2 - 5 - 2*u + m. Calculate w(s).
3
Let c = 13 + -10. Let i(w) = w**3 - 3*w**2 - c*w - 6*w + 5*w + 4. Give i(4).
4
Let c(n) = -15 - 212*n + 68*n + n**3 + 7*n**2 + 75*n + 66*n. Give c(-6).
39
Let l(f) = -f**3 + 13*f**2 + 17*f - 28. Let g be l(14). L